79 = 2*d - 2184. What is the highest common divisor of d and 330?
66
Let k = -14 + 23. Let n = k + 31. Suppose 0 = 4*r - 14 - 6. Calculate the greatest common divisor of n and r.
5
Let g(n) = -662 - 42*n + 424 + 324. Let z be g(2). Let t(y) = 3*y**2 - 3. Let m be t(3). Calculate the greatest common divisor of m and z.
2
Let a be 3*-1 + (1071 - ((-32)/(-2) + -8)). What is the greatest common factor of 32 and a?
4
Suppose -5*s = -10*o + 2*o + 48260, o - 6027 = 2*s. Calculate the highest common divisor of 170 and o.
85
Let o = -22 + -13. Let q be -15*((-119)/o + -4). Let f(j) = -j + 1. Let h be f(-8). What is the greatest common divisor of q and h?
9
Let s = -4805 - -4811. Calculate the highest common divisor of s and 2484.
6
Suppose -3*u + 33219 - 27153 = 0. What is the highest common factor of u and 18?
6
Suppose -36*m + 35*m - 155 = 0. Let y be (-93)/248 - m/8. What is the highest common factor of y and 608?
19
Let o be ((-216)/(-324))/((-2)/(-27)). What is the greatest common divisor of o and 495?
9
Let j be (-6)/((-3)/(-24)*-3). Let c = j - -8. Let v be 3010/172*(-12)/14 - -21. What is the greatest common factor of v and c?
6
Let l(n) = -n**3 - 61*n**2 - 834*n + 150. Let t be l(-45). Calculate the greatest common factor of t and 825.
165
Suppose -5*j + 341 - 41 = 0. Let p be (861/(-14) + 62)*2*(508 + 2). What is the greatest common divisor of p and j?
30
Let b(d) = -d**3 + d**2 - 2*d - 2. Suppose -674*t + 676*t + 8 = 0. Let i be b(t). What is the greatest common factor of 129 and i?
43
Suppose 2853*r - 2861*r = -9656. What is the greatest common factor of r and 68?
17
Suppose 5*k - 42 = -2*i, 3*k - 10*i = -15*i + 10. Calculate the highest common divisor of k and 15440.
10
Suppose -3*d + 18 = -2*d. Let t(g) be the third derivative of g**5/30 - 5*g**4/24 + 10*g**2. Let w be t(4). What is the highest common divisor of d and w?
6
Suppose 0 = -22259*l + 22213*l + 2622. What is the greatest common factor of l and 21831?
57
Let a(n) = -n**3 + 17*n**2 - 2*n + 42. Let q be a(17). Let m(g) = 5*g + 12. Let o be m(q). What is the highest common factor of o and 8?
4
Let u = -73 - -86. Let v be (13/u)/(0 - -1). Calculate the highest common divisor of v and 25.
1
Suppose -3*k + 1236494 = 17*m, -m + 2*k + 38435 + 34313 = 0. What is the greatest common factor of 32 and m?
32
Suppose 27*n - 6564 = 7368. Let q = n - 468. Calculate the greatest common divisor of q and 128.
16
Suppose -5*x - 65 = -p, -2*p - 4*x + 125 = -9*x. Let w = 77 - p. Let l = w - -8. What is the highest common factor of 5 and l?
5
Let b = 32 + 45. Let q(k) = 13*k**2 + 12*k + 25. Let s be q(-6). Let z = -414 + s. Calculate the greatest common divisor of z and b.
7
Let b be -83 + (-1)/(2/(-12)). Let c be (b/35)/((-5)/75). Let k = -1 + 4. Calculate the greatest common divisor of c and k.
3
Let u = -284 - -505. Suppose 3*f - 207 + 168 = 0. What is the greatest common divisor of u and f?
13
Let n = 2807 + -1897. What is the greatest common factor of 140 and n?
70
Suppose -3*g = 2*q - 5, -2*q - 2 = 4*g - 10. Suppose 127 = g*y - 68. What is the greatest common divisor of y and 15?
5
Let p be (7/((-133)/(-114)))/(4/54). Suppose 4*g - 186 = 102. What is the highest common divisor of p and g?
9
Suppose 0 = -25*t + 19*t. Suppose t = -5*l - 5*w + 105, -2*l - 4*w + 16 = -36. Calculate the highest common factor of l and 96.
16
Suppose -1195 = 5*u + 5*i, -7*u - 1207 = -2*u - i. Let p = u + 309. Calculate the greatest common divisor of p and 12.
4
Let a be 6/(-72)*-962 + (-7 - (-41)/6). What is the greatest common divisor of a and 15920?
80
Let m be ((-2)/(40/(-45)))/((-15)/160*-8). Let h(u) = -10*u - 5. Let o be h(-8). Calculate the greatest common divisor of o and m.
3
Let a be (306/(-17))/(-9)*36. Calculate the greatest common divisor of 2511 and a.
9
Let t be (2435 - 3/1)*(-192)/(-256). Calculate the highest common factor of 1248 and t.
96
Let m be 14/35 - 129/(-15). Let p be 4/m - 8/18. Suppose p = -50*y + 51*y - 3. What is the highest common factor of 3 and y?
3
Suppose -126 = -103*o + 102*o. What is the highest common factor of 861 and o?
21
Suppose o = 3*z + 25, -z - 130 = -4*o + z. Let k = 4033 + -4031. Calculate the highest common divisor of k and o.
2
Suppose -3355 = -19*n + 2630. Suppose -316*p + n*p = -19. Calculate the greatest common divisor of 76 and p.
19
Suppose -18*a = -11 + 47. Let h be ((-2)/(-4)*a)/(49/(-6125)). What is the greatest common divisor of 75 and h?
25
Let w = 778 - 508. Calculate the greatest common divisor of w and 150.
30
Let v(i) = -1416*i - 4942. Let l be v(-4). What is the greatest common factor of l and 418?
38
Let g be (7 + -6)*11*(36 + 5). Calculate the greatest common factor of g and 528.
11
Let j(t) = 6*t**2 + 72*t - 893. Let z be j(15). What is the highest common factor of z and 583?
53
Suppose 2*o - 232 = 5*c, 4*o - 226*c = -231*c + 464. What is the highest common divisor of 580 and o?
116
Let r = -64 + 98. Let y(f) = -2*f**2 + 66*f + 70. Let h be y(r). Calculate the greatest common divisor of 46 and h.
2
Suppose -2*h = -3*n - 837, -3*h = -2*h - 3*n - 423. Let m = -69 + h. Calculate the greatest common factor of 30 and m.
15
Suppose 239 - 23 = 12*l. Suppose -3*o - w = -l, -4*o - 4*w + 46 = 22. What is the greatest common factor of o and 156?
6
Let i(l) = -4*l + 98. Let v be i(24). Suppose -7*n = 3*w - 4*n - 2973, 5*w - v*n - 4990 = 0. Calculate the highest common factor of w and 12.
12
Let p = 1217 + -663. Suppose 0 = 16*l - 1930 + p. What is the greatest common divisor of 43 and l?
43
Let h(b) be the second derivative of b**5/10 - 5*b**4/4 - 5*b**3/6 - 7*b**2 + 17*b. Let c be h(8). What is the highest common divisor of 130 and c?
10
Let t(f) = f**3 + 9*f**2 - f - 2. Let i be t(-6). Let y = 13 + 55. Let j = 82 - y. Calculate the greatest common divisor of i and j.
14
Let n = 4205 - 2945. Calculate the highest common factor of 135 and n.
45
Let m(i) = 9*i**2 - 22*i - 347. Let f be m(17). What is the highest common factor of 47 and f?
47
Let f(k) = 3*k**3 - 21*k**2 + 40*k - 70. Let t be f(14). Calculate the highest common factor of 235 and t.
47
Let z = 6520 + -6113. What is the highest common divisor of 37 and z?
37
Let s(i) = i**3 + 10*i**2 - 2*i - 8. Let h be s(-10). Let n(m) = m**2 - 14*m + 6. Let z be n(h). Let k = z - -64. What is the highest common factor of k and 23?
23
Suppose 153216 = 139*r - 25*r. What is the highest common factor of r and 252?
84
Suppose -173*m + 38142 = -783. Suppose 5*v - 26 = 19. What is the highest common factor of v and m?
9
Let r(p) be the first derivative of p**4/4 + 40*p**3/3 + 19*p**2 - 11*p - 258. Let g be r(-39). Calculate the greatest common factor of 119 and g.
7
Let h(y) = 3*y**3 - 14*y**2 - 25*y + 20. Let b be h(8). Calculate the greatest common divisor of b and 60.
20
Suppose 227 = -3*r + 1487. Let n = -40984 - -41012. What is the greatest common divisor of n and r?
28
Let l(i) = -i**3 - 121*i**2 - 609*i - 820. Let h be l(-116). What is the highest common factor of h and 477?
159
Suppose -3*w + 16 = r, 5*r = 2*w - 7 - 15. What is the greatest common divisor of w and 19?
1
Let d be ((-45)/21)/(18/(-84)). What is the greatest common divisor of 4190 and d?
10
Let o be -10 + (-4 - -9) + 3*167. Suppose -o = -9*i - 316. What is the highest common factor of 15 and i?
5
Suppose 143*y - 290 - 3373 = 484. Calculate the highest common factor of y and 47.
1
Let k = -17 - -15. Let x be 50/20*28/(-10)*k. Calculate the highest common divisor of 434 and x.
14
Let q(s) = s**3 - 28*s**2 + 199*s + 8. Let y be q(13). What is the greatest common divisor of 1135 and y?
5
Let k be (-6 - (1 + -32))*228/228. Suppose 1 = -5*j + 2*o + 8, -2*o = 5*j - 23. Let q be ((-15)/2)/(j/(-6)). Calculate the greatest common factor of q and k.
5
Let m(c) = 3*c**2 + 6*c - 174. Let t be ((-42)/(-9))/1*-3. Let d be m(t). Calculate the greatest common factor of d and 60.
30
Suppose 0 = 2*b - 4*w - 70, -155 = -5*b - 0*b + 5*w. Let q = 167 - -101. Suppose 272*l - q*l = 36. What is the greatest common factor of b and l?
9
Let g = -1688 + 1706. What is the highest common divisor of 513 and g?
9
Let s(f) = -f**3 - 7*f**2 - 7*f + 7. Let h be s(-6). Suppose 9*c = h + 5. Suppose c*n - 3*n = -7. What is the greatest common divisor of n and 14?
7
Let v = -901 + 523.